{"id":880,"date":"2013-06-11T10:42:10","date_gmt":"2013-06-11T08:42:10","guid":{"rendered":"http:\/\/dekorowanieokien.pl\/?page_id=880"},"modified":"2023-05-17T20:40:25","modified_gmt":"2023-05-17T18:40:25","slug":"zaluzje","status":"publish","type":"page","link":"https:\/\/dekorowanieokien.pl\/?page_id=880","title":{"rendered":"\u017bALUZJE"},"content":{"rendered":"\r\n<div class=\"wp-block-image\">\r\n<figure class=\"aligncenter\"><img loading=\"lazy\" decoding=\"async\" width=\"624\" height=\"227\" class=\"wp-image-936\" src=\"http:\/\/dekorowanieokien.pl\/wp-content\/uploads\/2013\/06\/zaluzja_drewniana_50.jpg\" alt=\"zaluzja_drewniana_50\" srcset=\"https:\/\/dekorowanieokien.pl\/wp-content\/uploads\/2013\/06\/zaluzja_drewniana_50.jpg 624w, https:\/\/dekorowanieokien.pl\/wp-content\/uploads\/2013\/06\/zaluzja_drewniana_50-150x54.jpg 150w, https:\/\/dekorowanieokien.pl\/wp-content\/uploads\/2013\/06\/zaluzja_drewniana_50-300x109.jpg 300w\" sizes=\"auto, (max-width: 624px) 100vw, 624px\" \/><\/figure>\r\n<\/div>\r\n\r\n\r\n\r\n<h3 class=\"wp-block-heading\">\u017baluzje to popularna i do\u015b\u0107 efektowna os\u0142ona okienna.<\/h3>\r\n\r\n\r\n\r\n<h4 class=\"wp-block-heading\"><strong><span style=\"font-size: 1em;\">\u017baluzje drewniane.<\/span><\/strong><\/h4>\r\n\r\n\r\n\r\n<div class=\"wp-block-columns is-layout-flex wp-container-core-columns-is-layout-9d6595d7 wp-block-columns-is-layout-flex\">\r\n<div class=\"wp-block-column is-layout-flow wp-block-column-is-layout-flow\" style=\"flex-basis: 33.33%;\">\r\n<figure class=\"wp-block-image size-large\"><img loading=\"lazy\" decoding=\"async\" width=\"205\" height=\"283\" class=\"wp-image-2852\" src=\"http:\/\/dekorowanieokien.pl\/wp-content\/uploads\/2020\/05\/zaluzje-bambusowe-50mm.jpg\" alt=\"\" srcset=\"https:\/\/dekorowanieokien.pl\/wp-content\/uploads\/2020\/05\/zaluzje-bambusowe-50mm.jpg 205w, https:\/\/dekorowanieokien.pl\/wp-content\/uploads\/2020\/05\/zaluzje-bambusowe-50mm-109x150.jpg 109w\" sizes=\"auto, (max-width: 205px) 100vw, 205px\" \/><\/figure>\r\n<\/div>\r\n\r\n\r\n\r\n<div class=\"wp-block-column is-layout-flow wp-block-column-is-layout-flow\" style=\"flex-basis: 66.66%;\">\r\n<p style=\"font-size: 15px;\">Idealnie nadaj\u0105 si\u0119 do podkre\u015blenia wystroju wn\u0119trz w klimacie harmonii z natur\u0105.<br>Znakomicie komponuj\u0105 si\u0119 ze stylistyk\u0105 wn\u0119trz, w kt\u00f3rych dominuje drewno, aluminium i szk\u0142o.<br>Niepowtarzalny wygl\u0105d i walory estetyczne, a przy tym bogata gama kolorystyczna \u017caluzji drewnianych zapewnia mo\u017cliwo\u015b\u0107 swobodnego dopasowania do koloru mebli, pod\u0142\u00f3g oraz r\u00f3\u017cnych element\u00f3w wystroju wn\u0119trza.<br>Ich naturalne pi\u0119kno, mnogo\u015b\u0107 odcieni pog\u0142\u0119biona gr\u0105 naturalnych przebarwie\u0144 i s\u0142oj\u00f3w, daje si\u0119 doskonale komponowa\u0107 z innymi elementami wn\u0119trza oraz ramami okiennymi.<br>Dost\u0119pne szeroko\u015bci listk\u00f3w: 25 mm i 50 mm<\/p>\r\n<\/div>\r\n<\/div>\r\n\r\n\r\n\r\n<div class=\"wp-block-spacer\" style=\"height: 20px;\" aria-hidden=\"true\">&nbsp;<\/div>\r\n\r\n\r\n\r\n<figure class=\"wp-block-image\"><img loading=\"lazy\" decoding=\"async\" width=\"640\" height=\"408\" class=\"wp-image-1882\" src=\"http:\/\/dekorowanieokien.pl\/wp-content\/uploads\/2013\/06\/zaldrew-e1414770086930.jpg\" alt=\"zaldrew\"><\/figure>\r\n\r\n\r\n\r\n<h3 class=\"wp-block-heading\"><strong>\u017baluzje bambusowe.<\/strong><\/h3>\r\n\r\n\r\n\r\n<p style=\"font-size: 15px;\">\u017baluzje bambusowe&nbsp;s\u0105 odmian\u0105 \u017caluzji drewnianych.<br>Lamele wykonane s\u0105 z prasowanego drewna bambusowego, malowanego i&nbsp;lakierowanego.<br>Listwy lameli charakteryzuj\u0105 si\u0119 du\u017c\u0105 wytrzyma\u0142o\u015bci\u0105 pod\u0142u\u017cn\u0105 i&nbsp;poprzeczn\u0105 przy ma\u0142ej grubo\u015bci (1,5 mm).<br>G\u0142\u00f3wn\u0105 zalet\u0105 tych \u017caluzji w&nbsp;por\u00f3wnaniu z drewnianymi jest prawie o po\u0142ow\u0119 mniejsza powierzchnia zas\u0142oni\u0119cia \u015bwiat\u0142a okna po ich podci\u0105gni\u0119ciu. \u017baluzje bambusowe s\u0105 bardziej odporne na dzia\u0142anie wilgoci \u2013 nie odkszta\u0142caj\u0105 si\u0119.<br>Dost\u0119pne szeroko\u015bci listk\u00f3w: 25 mm i 50 mm<\/p>\r\n\r\n\r\n\r\n<div class=\"wp-block-image\">\r\n<figure class=\"alignleft\"><img loading=\"lazy\" decoding=\"async\" width=\"198\" height=\"198\" class=\"wp-image-1019\" src=\"http:\/\/dekorowanieokien.pl\/wp-content\/uploads\/2013\/06\/zaluzje-bambusowe-sznurek.jpg\" alt=\"zaluzje-bambusowe-sznurek\" srcset=\"https:\/\/dekorowanieokien.pl\/wp-content\/uploads\/2013\/06\/zaluzje-bambusowe-sznurek.jpg 198w, https:\/\/dekorowanieokien.pl\/wp-content\/uploads\/2013\/06\/zaluzje-bambusowe-sznurek-150x150.jpg 150w, https:\/\/dekorowanieokien.pl\/wp-content\/uploads\/2013\/06\/zaluzje-bambusowe-sznurek-177x177.jpg 177w, https:\/\/dekorowanieokien.pl\/wp-content\/uploads\/2013\/06\/zaluzje-bambusowe-sznurek-35x35.jpg 35w, https:\/\/dekorowanieokien.pl\/wp-content\/uploads\/2013\/06\/zaluzje-bambusowe-sznurek-164x164.jpg 164w, https:\/\/dekorowanieokien.pl\/wp-content\/uploads\/2013\/06\/zaluzje-bambusowe-sznurek-185x185.jpg 185w\" sizes=\"auto, (max-width: 198px) 100vw, 198px\" \/><\/figure>\r\n<\/div>\r\n\r\n\r\n\r\n<figure class=\"wp-block-image\"><img loading=\"lazy\" decoding=\"async\" width=\"198\" height=\"198\" class=\"wp-image-1020\" src=\"http:\/\/dekorowanieokien.pl\/wp-content\/uploads\/2013\/06\/zaluzje-bambusowe-uchwyt1.jpg\" alt=\"zaluzje-bambusowe-uchwyt1\" srcset=\"https:\/\/dekorowanieokien.pl\/wp-content\/uploads\/2013\/06\/zaluzje-bambusowe-uchwyt1.jpg 198w, https:\/\/dekorowanieokien.pl\/wp-content\/uploads\/2013\/06\/zaluzje-bambusowe-uchwyt1-150x150.jpg 150w, https:\/\/dekorowanieokien.pl\/wp-content\/uploads\/2013\/06\/zaluzje-bambusowe-uchwyt1-177x177.jpg 177w, https:\/\/dekorowanieokien.pl\/wp-content\/uploads\/2013\/06\/zaluzje-bambusowe-uchwyt1-35x35.jpg 35w, https:\/\/dekorowanieokien.pl\/wp-content\/uploads\/2013\/06\/zaluzje-bambusowe-uchwyt1-164x164.jpg 164w, https:\/\/dekorowanieokien.pl\/wp-content\/uploads\/2013\/06\/zaluzje-bambusowe-uchwyt1-185x185.jpg 185w\" sizes=\"auto, (max-width: 198px) 100vw, 198px\" \/><\/figure>\r\n\r\n\r\n\r\n<h3 class=\"has-text-align-left wp-block-heading\"><strong>\u017baluzje aluminiowe.<\/strong><\/h3>\r\n\r\n\r\n\r\n<p class=\"has-text-align-left\"><strong>Alu 50 mm <\/strong><\/p>\r\n\r\n\r\n\r\n<div class=\"wp-block-columns is-layout-flex wp-container-core-columns-is-layout-9d6595d7 wp-block-columns-is-layout-flex\">\r\n<div class=\"wp-block-column is-layout-flow wp-block-column-is-layout-flow\" style=\"flex-basis: 33.33%;\">\r\n<figure class=\"wp-block-image size-large\"><img loading=\"lazy\" decoding=\"async\" width=\"198\" height=\"198\" class=\"wp-image-1034\" src=\"http:\/\/dekorowanieokien.pl\/wp-content\/uploads\/2013\/06\/zaluzje-aluminiowe-50mm.jpg\" alt=\"\" srcset=\"https:\/\/dekorowanieokien.pl\/wp-content\/uploads\/2013\/06\/zaluzje-aluminiowe-50mm.jpg 198w, https:\/\/dekorowanieokien.pl\/wp-content\/uploads\/2013\/06\/zaluzje-aluminiowe-50mm-150x150.jpg 150w, https:\/\/dekorowanieokien.pl\/wp-content\/uploads\/2013\/06\/zaluzje-aluminiowe-50mm-177x177.jpg 177w, https:\/\/dekorowanieokien.pl\/wp-content\/uploads\/2013\/06\/zaluzje-aluminiowe-50mm-35x35.jpg 35w, https:\/\/dekorowanieokien.pl\/wp-content\/uploads\/2013\/06\/zaluzje-aluminiowe-50mm-164x164.jpg 164w, https:\/\/dekorowanieokien.pl\/wp-content\/uploads\/2013\/06\/zaluzje-aluminiowe-50mm-185x185.jpg 185w\" sizes=\"auto, (max-width: 198px) 100vw, 198px\" \/><\/figure>\r\n<\/div>\r\n\r\n\r\n\r\n<div class=\"wp-block-column is-layout-flow wp-block-column-is-layout-flow\" style=\"flex-basis: 66.66%;\">\r\n<p style=\"font-size: 15px;\">\u017baluzje o tej szeroko\u015bci zyskuj\u0105 coraz wi\u0119ksze uznanie na polskim rynku.<br>Rozwi\u0105zanie to umo\u017cliwia zakrycia du\u017cych wn\u0119k okiennych.<br>Stanowi\u0105 one wtedy alternatyw\u0119 dla \u017caluzji pionowych.<br>Zastosowanie drabinek ta\u015bmowych daje lepsze zaciemnienie, a jednocze\u015bnie drabinki dobrane w odpowiednim kolorze mog\u0105 stanowi\u0107 doskona\u0142y element dekoracyjny.<\/p>\r\n<\/div>\r\n<\/div>\r\n\r\n\r\n\r\n<div class=\"wp-block-spacer\" style=\"height: 20px;\" aria-hidden=\"true\">&nbsp;<\/div>\r\n\r\n\r\n\r\n<p class=\"has-text-align-left\"><strong>Alu 25 mm<\/strong><\/p>\r\n\r\n\r\n\r\n<div class=\"wp-block-columns is-layout-flex wp-container-core-columns-is-layout-9d6595d7 wp-block-columns-is-layout-flex\">\r\n<div class=\"wp-block-column is-layout-flow wp-block-column-is-layout-flow\" style=\"flex-basis: 33.33%;\">\r\n<figure class=\"wp-block-image size-large\"><img loading=\"lazy\" decoding=\"async\" width=\"198\" height=\"198\" class=\"wp-image-1035\" src=\"http:\/\/dekorowanieokien.pl\/wp-content\/uploads\/2013\/06\/zaluzje-aluminiowe-25mm.jpg\" alt=\"\" srcset=\"https:\/\/dekorowanieokien.pl\/wp-content\/uploads\/2013\/06\/zaluzje-aluminiowe-25mm.jpg 198w, https:\/\/dekorowanieokien.pl\/wp-content\/uploads\/2013\/06\/zaluzje-aluminiowe-25mm-150x150.jpg 150w, https:\/\/dekorowanieokien.pl\/wp-content\/uploads\/2013\/06\/zaluzje-aluminiowe-25mm-177x177.jpg 177w, https:\/\/dekorowanieokien.pl\/wp-content\/uploads\/2013\/06\/zaluzje-aluminiowe-25mm-35x35.jpg 35w, https:\/\/dekorowanieokien.pl\/wp-content\/uploads\/2013\/06\/zaluzje-aluminiowe-25mm-164x164.jpg 164w, https:\/\/dekorowanieokien.pl\/wp-content\/uploads\/2013\/06\/zaluzje-aluminiowe-25mm-185x185.jpg 185w\" sizes=\"auto, (max-width: 198px) 100vw, 198px\" \/><\/figure>\r\n<\/div>\r\n\r\n\r\n\r\n<div class=\"wp-block-column is-layout-flow wp-block-column-is-layout-flow\" style=\"flex-basis: 66.66%;\">\r\n<p style=\"font-size: 15px;\">\u017baluzje poziome o szeroko\u015bci 25 mm, s\u0105 najpopularniejszym rodzajem \u017caluzji aluminiowych na naszym rynku.<br>Prostota konstrukcji, wszechstronno\u015b\u0107 zastosowa\u0144 oraz ich funkcjonalno\u015b\u0107 sprawiaj\u0105, \u017ce jest to bardzo popularny element dekoracji okien i wn\u0119trz.<br>\u017baluzje poziome o szeroko\u015bci lamel 25 mm s\u0105 dost\u0119pne w kilkunastu kolorach, w tym r\u00f3wnie\u017c z osprz\u0119tem kolorowym: sznurek, drabinka i rynny w kolorze listew.<\/p>\r\n<\/div>\r\n<\/div>\r\n\r\n\r\n\r\n<div class=\"wp-block-spacer\" style=\"height: 20px;\" aria-hidden=\"true\">&nbsp;<\/div>\r\n\r\n\r\n\r\n<p class=\"has-text-align-left\"><strong><br>Alu 16 mm<\/strong><\/p>\r\n\r\n\r\n\r\n<div class=\"wp-block-columns is-layout-flex wp-container-core-columns-is-layout-9d6595d7 wp-block-columns-is-layout-flex\">\r\n<div class=\"wp-block-column is-layout-flow wp-block-column-is-layout-flow\" style=\"flex-basis: 33.33%;\">\r\n<figure class=\"wp-block-image size-large\"><img loading=\"lazy\" decoding=\"async\" width=\"198\" height=\"198\" class=\"wp-image-1036\" src=\"http:\/\/dekorowanieokien.pl\/wp-content\/uploads\/2013\/06\/zaluzje-aluminiowe-16mm.jpg\" alt=\"\" srcset=\"https:\/\/dekorowanieokien.pl\/wp-content\/uploads\/2013\/06\/zaluzje-aluminiowe-16mm.jpg 198w, https:\/\/dekorowanieokien.pl\/wp-content\/uploads\/2013\/06\/zaluzje-aluminiowe-16mm-150x150.jpg 150w, https:\/\/dekorowanieokien.pl\/wp-content\/uploads\/2013\/06\/zaluzje-aluminiowe-16mm-177x177.jpg 177w, https:\/\/dekorowanieokien.pl\/wp-content\/uploads\/2013\/06\/zaluzje-aluminiowe-16mm-35x35.jpg 35w, https:\/\/dekorowanieokien.pl\/wp-content\/uploads\/2013\/06\/zaluzje-aluminiowe-16mm-164x164.jpg 164w, https:\/\/dekorowanieokien.pl\/wp-content\/uploads\/2013\/06\/zaluzje-aluminiowe-16mm-185x185.jpg 185w\" sizes=\"auto, (max-width: 198px) 100vw, 198px\" \/><\/figure>\r\n<\/div>\r\n\r\n\r\n\r\n<div class=\"wp-block-column is-layout-flow wp-block-column-is-layout-flow\" style=\"flex-basis: 66.66%;\">\r\n<p style=\"font-size: 15px;\">Ciekawa propozycja w grupie \u017caluzji poziomych.<br>W\u0105skie lamele jeszcze lepiej pozwalaj\u0105 regulowa\u0107 nas\u0142onecznienie a przy tym stanowi\u0105 nowatorskie rozwi\u0105zanie w popularnej grupie produktu.<br>Stosowane jako element uzupe\u0142niaj\u0105cy okna jak r\u00f3wnie\u017c element dekoracyjny.<br>\u017baluzje poziome o szeroko\u015bci lamel 16 mm s\u0105 dost\u0119pne w kilkunastu kolorach, w tym r\u00f3wnie\u017c z osprz\u0119tem kolorowym: sznurek, drabinka i rynny w kolorze listew.<\/p>\r\n<\/div>\r\n<\/div>\r\n\r\n\r\n\r\n<div class=\"wp-block-spacer\" style=\"height: 20px;\" aria-hidden=\"true\">&nbsp;<\/div>\r\n\r\n\r\n\r\n<p class=\"has-text-align-left\"><span style=\"color: #000000;\"><span style=\"color: #ff0000;\">BEZP\u0141ATNY DOJAZD, POMIAR* i&nbsp; MONTA\u017b**.<\/span><\/span><\/p>\r\n\r\n\r\n\r\n<p class=\"has-text-align-left\" style=\"font-size: 14px;\">* Dla zdecydowanych klient\u00f3w na zakup naszych produkt\u00f3w z oferty uzupe\u0142niaj\u0105cej, pomiar okien pod p\u00f3\u017aniejsz\u0105 produkcj\u0119 &#8222;na wymiar&#8221;, na terenie Legionowa oraz bliskich okolic jest bezp\u0142atny. Przyje\u017cd\u017camy z katalogami tkanin oraz pr\u00f3bnikami kolorystycznymi. Wystarczy do nas zadzwoni\u0107 lub napisa\u0107. Czekamy na kontakt pod&nbsp;<a href=\"http:\/\/dekorowanieokien.pl\/?page_id=2294\" target=\"_blank\" rel=\"noopener noreferrer\">numerami telefon\u00f3w lub przez formularz<\/a>.Odezwiemy si\u0119 najszybciej jak to b\u0119dzie mo\u017cliwe, by doprecyzowa\u0107 termin wizyty.<br>Klienci chc\u0105cy dokona\u0107 jedynie przybli\u017conej wyceny, mog\u0105 podes\u0142a\u0107 nam wymiary poszczeg\u00f3lnych szyb, z informacj\u0105 jakim produktem s\u0105 zainteresowani, a my ode\u015blemy przybli\u017con\u0105 wycen\u0119 w najbardziej popularnej grupie cenowej.<\/p>\r\n\r\n\r\n\r\n<p class=\"has-text-align-left\" style=\"font-size: 14px;\">** W niekt\u00f3rych przypadkach jest mo\u017cliwo\u015b\u0107 monta\u017cu w spos\u00f3b bezinwazyjny.<\/p>\r\n\r\n\r\n\r\n<p class=\"has-text-align-center\"><span style=\"font-size: 12px;\"><span style=\"color: #ff0000;\"><span style=\"font-family: sans-serif; line-height: 20px; white-space: pre-wrap; background-color: #ffffff;\">&nbsp;<\/span><\/span><\/span><\/p>\r\n","protected":false},"excerpt":{"rendered":"<p>\u017baluzje to popularna i do\u015b\u0107 efektowna os\u0142ona okienna. \u017baluzje drewniane. Idealnie nadaj\u0105 si\u0119 do podkre\u015blenia wystroju wn\u0119trz w klimacie harmonii z natur\u0105.Znakomicie komponuj\u0105 si\u0119 ze stylistyk\u0105 wn\u0119trz, w kt\u00f3rych dominuje drewno, aluminium i szk\u0142o.Niepowtarzalny wygl\u0105d i walory estetyczne, a przy tym bogata gama kolorystyczna \u017caluzji drewnianych zapewnia mo\u017cliwo\u015b\u0107 swobodnego dopasowania do koloru mebli, pod\u0142\u00f3g oraz [&hellip;]<\/p>\n","protected":false},"author":5,"featured_media":0,"parent":863,"menu_order":103,"comment_status":"closed","ping_status":"open","template":"","meta":{"ngg_post_thumbnail":0,"footnotes":""},"class_list":["post-880","page","type-page","status-publish","hentry"],"_links":{"self":[{"href":"https:\/\/dekorowanieokien.pl\/index.php?rest_route=\/wp\/v2\/pages\/880","targetHints":{"allow":["GET"]}}],"collection":[{"href":"https:\/\/dekorowanieokien.pl\/index.php?rest_route=\/wp\/v2\/pages"}],"about":[{"href":"https:\/\/dekorowanieokien.pl\/index.php?rest_route=\/wp\/v2\/types\/page"}],"author":[{"embeddable":true,"href":"https:\/\/dekorowanieokien.pl\/index.php?rest_route=\/wp\/v2\/users\/5"}],"replies":[{"embeddable":true,"href":"https:\/\/dekorowanieokien.pl\/index.php?rest_route=%2Fwp%2Fv2%2Fcomments&post=880"}],"version-history":[{"count":2,"href":"https:\/\/dekorowanieokien.pl\/index.php?rest_route=\/wp\/v2\/pages\/880\/revisions"}],"predecessor-version":[{"id":3975,"href":"https:\/\/dekorowanieokien.pl\/index.php?rest_route=\/wp\/v2\/pages\/880\/revisions\/3975"}],"up":[{"embeddable":true,"href":"https:\/\/dekorowanieokien.pl\/index.php?rest_route=\/wp\/v2\/pages\/863"}],"wp:attachment":[{"href":"https:\/\/dekorowanieokien.pl\/index.php?rest_route=%2Fwp%2Fv2%2Fmedia&parent=880"}],"curies":[{"name":"wp","href":"https:\/\/api.w.org\/{rel}","templated":true}]}}