{"id":863,"date":"2013-06-11T10:29:37","date_gmt":"2013-06-11T08:29:37","guid":{"rendered":"http:\/\/dekorowanieokien.pl\/?page_id=863"},"modified":"2024-10-19T11:54:18","modified_gmt":"2024-10-19T09:54:18","slug":"inne","status":"publish","type":"page","link":"https:\/\/dekorowanieokien.pl\/?page_id=863","title":{"rendered":"WI\u0118CEJ"},"content":{"rendered":"\r\n<ul class=\"wp-block-list\">\r\n<li><a href=\"http:\/\/dekorowanieokien.pl\/?page_id=938\">SZYNY I KARNISZE SUFITOWE<\/a><\/li>\r\n<li><a href=\"http:\/\/dekorowanieokien.pl\/?page_id=4137\">LISTWY KARNISZOWE, SUFITOWE, PRZYPOD\u0141OGOWE, \u015aCIENNE<\/a><\/li>\r\n<li><a href=\"http:\/\/dekorowanieokien.pl\/?page_id=880\">\u017bALUZJE<\/a><\/li>\r\n<li><a href=\"http:\/\/dekorowanieokien.pl\/?page_id=1721\">\u017bALUZJE VERTICALE<\/a><\/li>\r\n<li><a href=\"http:\/\/dekorowanieokien.pl\/?page_id=873\">MOSKITIERY<\/a><\/li>\r\n<li><a href=\"http:\/\/dekorowanieokien.pl\/?page_id=877\">PLISY<\/a><\/li>\r\n<li><a href=\"http:\/\/dekorowanieokien.pl\/?page_id=980\">DZIE\u0143 i NOC<\/a><\/li>\r\n<li><a href=\"http:\/\/dekorowanieokien.pl\/?page_id=1717\">ROLETY WOLNOWISZ\u0104CE<\/a><\/li>\r\n<\/ul>\r\n","protected":false},"excerpt":{"rendered":"<p>SZYNY I KARNISZE SUFITOWE LISTWY KARNISZOWE, SUFITOWE, PRZYPOD\u0141OGOWE, \u015aCIENNE \u017bALUZJE \u017bALUZJE VERTICALE MOSKITIERY PLISY DZIE\u0143 i NOC ROLETY WOLNOWISZ\u0104CE<\/p>\n","protected":false},"author":5,"featured_media":0,"parent":0,"menu_order":100,"comment_status":"closed","ping_status":"open","template":"","meta":{"ngg_post_thumbnail":0,"footnotes":""},"class_list":["post-863","page","type-page","status-publish","hentry"],"_links":{"self":[{"href":"https:\/\/dekorowanieokien.pl\/index.php?rest_route=\/wp\/v2\/pages\/863","targetHints":{"allow":["GET"]}}],"collection":[{"href":"https:\/\/dekorowanieokien.pl\/index.php?rest_route=\/wp\/v2\/pages"}],"about":[{"href":"https:\/\/dekorowanieokien.pl\/index.php?rest_route=\/wp\/v2\/types\/page"}],"author":[{"embeddable":true,"href":"https:\/\/dekorowanieokien.pl\/index.php?rest_route=\/wp\/v2\/users\/5"}],"replies":[{"embeddable":true,"href":"https:\/\/dekorowanieokien.pl\/index.php?rest_route=%2Fwp%2Fv2%2Fcomments&post=863"}],"version-history":[{"count":2,"href":"https:\/\/dekorowanieokien.pl\/index.php?rest_route=\/wp\/v2\/pages\/863\/revisions"}],"predecessor-version":[{"id":4143,"href":"https:\/\/dekorowanieokien.pl\/index.php?rest_route=\/wp\/v2\/pages\/863\/revisions\/4143"}],"wp:attachment":[{"href":"https:\/\/dekorowanieokien.pl\/index.php?rest_route=%2Fwp%2Fv2%2Fmedia&parent=863"}],"curies":[{"name":"wp","href":"https:\/\/api.w.org\/{rel}","templated":true}]}}