{"id":844,"date":"2013-06-09T16:23:36","date_gmt":"2013-06-09T14:23:36","guid":{"rendered":"http:\/\/dekorowanieokien.pl\/?page_id=844"},"modified":"2020-05-21T17:30:40","modified_gmt":"2020-05-21T15:30:40","slug":"polityka-cookies","status":"publish","type":"page","link":"https:\/\/dekorowanieokien.pl\/?page_id=844","title":{"rendered":"Polityka cookies"},"content":{"rendered":"<p><strong>Coza Studio <\/strong>na swoich stronach internetowych wykorzystuje pliki cookies. Je\u015bli korzystacie Pa\u0144stwo z nich bez zmiany ustawie\u0144 Waszej przegl\u0105darki, przyjmujemy, \u017ce wyra\u017cacie zgod\u0119 na u\u017cycie tych plik\u00f3w. W ka\u017cdym momencie jednak mo\u017cecie Pa\u0144stwo zmieni\u0107 ustawienia przegl\u0105darki decyduj\u0105ce o tym u\u017cyciu.<\/p>\n<p>Niniejsza polityka plik\u00f3w cookies odnosi si\u0119 do wszystkich witryn internetowych nale\u017c\u0105cych do <strong>Coza Studio.<\/strong><\/p>\n<p>Cookies to niewielkie pliki tekstowe wysy\u0142ane przez witryn\u0119 internetow\u0105 do urz\u0105dzenia internauty i na nim zapisywane. Zawieraj\u0105 nazw\u0119 domeny, z kt\u00f3rej pochodz\u0105, okre\u015blon\u0105 przez w\u0142a\u015bciciela witryny warto\u015b\u0107 oraz czas przechowywania na urz\u0105dzeniu u\u017cytkownika.<\/p>\n<p>Wyr\u00f3\u017cniamy dwa typy plik\u00f3w cookies:<\/p>\n<ul>\n<li>sesyjne, kt\u00f3re pozostaj\u0105 na urz\u0105dzeniu u\u017cytkownika do momentu zamkni\u0119cia przez niego przegl\u0105darki (usuni\u0119cia jej z pami\u0119ci operacyjnej urz\u0105dzenia);<\/li>\n<li>trwa\u0142e, kt\u00f3re pozostaj\u0105 na urz\u0105dzeniu u\u017cytkownika przez czas okre\u015blony przez w\u0142a\u015bciciela witryny lub do momentu ich skasowania przez u\u017cytkownika.<\/li>\n<\/ul>\n<p>Pliki cookies s\u0105 wykorzystywane w witrynach nale\u017c\u0105cych do <strong>Coza Studio <\/strong>wy\u0142\u0105cznie do nast\u0119puj\u0105cych cel\u00f3w:<\/p>\n<ul>\n<li>umo\u017cliwienie logowania do sekcji chronionych has\u0142em, przeznaczonych dla wybranych grup u\u017cytkownik\u00f3w (np. partner\u00f3w handlowych firmy);<\/li>\n<li>uzale\u017cnienie sposobu prezentacji wybranych element\u00f3w witryn od decyzji u\u017cytkownik\u00f3w;<\/li>\n<li>wy\u015bwietlania specjalnych komunikat\u00f3w informacyjnych i reklamowych;<\/li>\n<li>prowadzenia statystyk odwiedzin, czyli pozyskiwania anonimowych danych dotycz\u0105cych sposobu, w jaki u\u017cytkownicy korzystaj\u0105 z witryn.<\/li>\n<\/ul>\n<p>Pliki cookies u\u017cywane s\u0105 r\u00f3wnie\u017c przez podmiot wsp\u00f3\u0142pracuj\u0105cy z <strong>Coza Studio<\/strong>, tj.&nbsp;Google Inc.&nbsp;z siedzib\u0105 w 1600 Amphitheatre Parkway, Mountain View, USA. Wykorzystujemy us\u0142ugi Google Analytics, kt\u00f3re posiadaj\u0105 w\u0142asne regulacje dotycz\u0105ce polityki prywatno\u015bci:<\/p>\n<ul>\n<li><a href=\"http:\/\/www.google.pl\/intl\/pl\/analytics\/privacyoverview.html\">Polityka prywatno\u015bci Google Analytics<\/a><\/li>\n<li><a href=\"http:\/\/www.google.pl\/intl\/pl\/policies\/privacy\/\">Polityka prywatno\u015bci Google<\/a><\/li>\n<\/ul>\n<p>Wszystkie nowoczesne przegl\u0105darki pozwalaj\u0105 na kontrol\u0119 dzia\u0142ania mechanizmu cookies, w\u0142\u0105cznie z jego ca\u0142kowitym wy\u0142\u0105czeniem.<\/p>\n<p>Informacje na temat ustawie\u0144 cookies w najpopularniejszych przegl\u0105darkach dla komputer\u00f3w osobistych oraz urz\u0105dze\u0144 mobilnych (smartfon\u00f3w, tablet\u00f3w itp.) dost\u0119pne s\u0105 stronach ich producent\u00f3w:<\/p>\n<ul>\n<li><a href=\"http:\/\/support.mozilla.org\/pl\/kb\/W%C5%82%C4%85czanie%20i%20wy%C5%82%C4%85czanie%20obs%C5%82ugi%20ciasteczek\">Mozilla Firefox<\/a>,<\/li>\n<li><a href=\"http:\/\/support.google.com\/chrome\/bin\/answer.py?hl=pl&amp;answer=95647\">Google Chrome<\/a>&nbsp;dla system\u00f3w Android i Windows,<\/li>\n<li><a href=\"http:\/\/support.microsoft.com\/kb\/196955\/pl\">Microsoft Internet Explorer<\/a>&nbsp;dla Windows,<\/li>\n<li><a href=\"http:\/\/help.opera.com\/Windows\/12.10\/pl\/cookies.html\">Opera<\/a>,<\/li>\n<li><a href=\"http:\/\/support.apple.com\/kb\/HT1677?viewlocale=pl_PL\">Apple Safari<\/a>&nbsp;dla iOS,<\/li>\n<li><a href=\"http:\/\/www.windowsphone.com\/pl-pl\/how-to\/wp7\/web\/changing-privacy-and-other-browser-settings\">Microsoft Internet Explorer Mobile<\/a>&nbsp;dla Windows Phone.<\/li>\n<\/ul>\n","protected":false},"excerpt":{"rendered":"<p>Coza Studio na swoich stronach internetowych wykorzystuje pliki cookies. Je\u015bli korzystacie Pa\u0144stwo z nich bez zmiany ustawie\u0144 Waszej przegl\u0105darki, przyjmujemy, \u017ce wyra\u017cacie zgod\u0119 na u\u017cycie tych plik\u00f3w. W ka\u017cdym momencie jednak mo\u017cecie Pa\u0144stwo zmieni\u0107 ustawienia przegl\u0105darki decyduj\u0105ce o tym u\u017cyciu. Niniejsza polityka plik\u00f3w cookies odnosi si\u0119 do wszystkich witryn internetowych nale\u017c\u0105cych do Coza Studio. Cookies [&hellip;]<\/p>\n","protected":false},"author":2,"featured_media":0,"parent":0,"menu_order":0,"comment_status":"closed","ping_status":"open","template":"","meta":{"ngg_post_thumbnail":0,"footnotes":""},"class_list":["post-844","page","type-page","status-publish","hentry"],"_links":{"self":[{"href":"https:\/\/dekorowanieokien.pl\/index.php?rest_route=\/wp\/v2\/pages\/844","targetHints":{"allow":["GET"]}}],"collection":[{"href":"https:\/\/dekorowanieokien.pl\/index.php?rest_route=\/wp\/v2\/pages"}],"about":[{"href":"https:\/\/dekorowanieokien.pl\/index.php?rest_route=\/wp\/v2\/types\/page"}],"author":[{"embeddable":true,"href":"https:\/\/dekorowanieokien.pl\/index.php?rest_route=\/wp\/v2\/users\/2"}],"replies":[{"embeddable":true,"href":"https:\/\/dekorowanieokien.pl\/index.php?rest_route=%2Fwp%2Fv2%2Fcomments&post=844"}],"version-history":[{"count":2,"href":"https:\/\/dekorowanieokien.pl\/index.php?rest_route=\/wp\/v2\/pages\/844\/revisions"}],"predecessor-version":[{"id":2522,"href":"https:\/\/dekorowanieokien.pl\/index.php?rest_route=\/wp\/v2\/pages\/844\/revisions\/2522"}],"wp:attachment":[{"href":"https:\/\/dekorowanieokien.pl\/index.php?rest_route=%2Fwp%2Fv2%2Fmedia&parent=844"}],"curies":[{"name":"wp","href":"https:\/\/api.w.org\/{rel}","templated":true}]}}