{"id":3,"date":"2010-05-26T18:36:10","date_gmt":"2010-05-26T18:36:10","guid":{"rendered":"http:\/\/www.coza.pl\/wp\/?page_id=3"},"modified":"2023-05-17T20:53:35","modified_gmt":"2023-05-17T18:53:35","slug":"firany-i-zaslony","status":"publish","type":"page","link":"https:\/\/dekorowanieokien.pl\/?page_id=3","title":{"rendered":"FIRANY I ZAS\u0141ONY"},"content":{"rendered":"\r\n<h3 class=\"wp-block-heading\"><img loading=\"lazy\" decoding=\"async\" class=\"aligncenter size-full wp-image-1982\" src=\"http:\/\/dekorowanieokien.pl\/wp-content\/uploads\/2010\/05\/firany_22_8-1.jpg\" alt=\"\" width=\"624\" height=\"227\" srcset=\"https:\/\/dekorowanieokien.pl\/wp-content\/uploads\/2010\/05\/firany_22_8-1.jpg 624w, https:\/\/dekorowanieokien.pl\/wp-content\/uploads\/2010\/05\/firany_22_8-1-150x55.jpg 150w, https:\/\/dekorowanieokien.pl\/wp-content\/uploads\/2010\/05\/firany_22_8-1-300x109.jpg 300w\" sizes=\"auto, (max-width: 624px) 100vw, 624px\" \/><\/h3>\r\n\r\n\r\n\r\n<h3 class=\"wp-block-heading\">Przebywanie w przytulnym wn\u0119trzu to podstawa dobrego samopoczucia.<\/h3>\r\n\r\n\r\n\r\n<p style=\"font-size: 15px;\">W kolekcji naszej firmy znajdziecie Pa\u0144stwo bogat\u0105 ofert\u0119 tkanin przeznaczonych na dekoracje okienne, a w\u015br\u00f3d nich ponad 500 pr\u00f3bnik\u00f3w z wzorami firan i zas\u0142on, w tym tkaniny zaciemniaj\u0105ce Blackout i Dimout.<br>Posiadamy w\u0142asne Studio, dzi\u0119ki czemu mo\u017cemy zaprojektowa\u0107 i uszy\u0107 dowoln\u0105 dekoracj\u0119.<br>Wsp\u00f3\u0142pracujemy z wysokiej klasy producentami oraz dostawcami z bran\u017cy dekorowania okien, dzia\u0142aj\u0105cymi zar\u00f3wno w Polsce jak i na \u015bwiecie.<br>Staramy si\u0119 by\u0107 na bie\u017c\u0105co ze \u015bwiatowymi trendami. Bierzemy udzia\u0142 w tematycznych konferencjach. Uczestniczymy w bran\u017cowych targach, na kt\u00f3rych staramy si\u0119 zawiera\u0107 nowe kontakty jak r\u00f3wnie\u017c poznawa\u0107 wszelkie nowo\u015bci.<br>A poniewa\u017c lubimy wyzwania z ch\u0119ci\u0105 mierzymy si\u0119 z najtrudniejszymi projektami.<\/p>\r\n\r\n\r\n\r\n<p>\u017beby dowiedzie\u0107 si\u0119 wi\u0119cej lub \u017ceby zam\u00f3wi\u0107 pomiar&nbsp;<a title=\"Kontakt.\" href=\"http:\/\/dekorowanieokien.pl\/?page_id=2294\" target=\"_blank\" rel=\"noopener noreferrer\">napisz do nas lub zadzwo\u0144<\/a>.<\/p>\r\n\r\n\r\n\r\n<p class=\"has-text-align-center\"><strong>ngg_shortcode_0_placeholder<br><\/strong><\/p>\r\n","protected":false},"excerpt":{"rendered":"<p>Przebywanie w przytulnym wn\u0119trzu to podstawa dobrego samopoczucia. W kolekcji naszej firmy znajdziecie Pa\u0144stwo bogat\u0105 ofert\u0119 tkanin przeznaczonych na dekoracje okienne, a w\u015br\u00f3d nich ponad 500 pr\u00f3bnik\u00f3w z wzorami firan i zas\u0142on, w tym tkaniny zaciemniaj\u0105ce Blackout i Dimout.Posiadamy w\u0142asne Studio, dzi\u0119ki czemu mo\u017cemy zaprojektowa\u0107 i uszy\u0107 dowoln\u0105 dekoracj\u0119.Wsp\u00f3\u0142pracujemy z wysokiej klasy producentami oraz dostawcami [&hellip;]<\/p>\n","protected":false},"author":2,"featured_media":0,"parent":0,"menu_order":2,"comment_status":"closed","ping_status":"open","template":"","meta":{"ngg_post_thumbnail":0,"footnotes":""},"class_list":["post-3","page","type-page","status-publish","hentry"],"_links":{"self":[{"href":"https:\/\/dekorowanieokien.pl\/index.php?rest_route=\/wp\/v2\/pages\/3","targetHints":{"allow":["GET"]}}],"collection":[{"href":"https:\/\/dekorowanieokien.pl\/index.php?rest_route=\/wp\/v2\/pages"}],"about":[{"href":"https:\/\/dekorowanieokien.pl\/index.php?rest_route=\/wp\/v2\/types\/page"}],"author":[{"embeddable":true,"href":"https:\/\/dekorowanieokien.pl\/index.php?rest_route=\/wp\/v2\/users\/2"}],"replies":[{"embeddable":true,"href":"https:\/\/dekorowanieokien.pl\/index.php?rest_route=%2Fwp%2Fv2%2Fcomments&post=3"}],"version-history":[{"count":2,"href":"https:\/\/dekorowanieokien.pl\/index.php?rest_route=\/wp\/v2\/pages\/3\/revisions"}],"predecessor-version":[{"id":3985,"href":"https:\/\/dekorowanieokien.pl\/index.php?rest_route=\/wp\/v2\/pages\/3\/revisions\/3985"}],"wp:attachment":[{"href":"https:\/\/dekorowanieokien.pl\/index.php?rest_route=%2Fwp%2Fv2%2Fmedia&parent=3"}],"curies":[{"name":"wp","href":"https:\/\/api.w.org\/{rel}","templated":true}]}}